ors of i.
2, 5
Suppose 0 = -5*s, 2*f = -0*f - 3*s + 134. What are the prime factors of f?
67
Let m = 1 + 3. Suppose 0 = -5*k + 4*s + 17, m*k - 3 - 23 = -3*s. Suppose -60 = -5*n - 3*c, c - k*c = 2*n - 38. List the prime factors of n.
3
Let v = 6 + 0. Let b be (-1)/((-1)/(v + -1)). Suppose 0 = -b*l + 15, -5*c + 3*l - 5 = -51. What are the prime factors of c?
11
Let u(s) = s**3 - 4*s**2 + 3*s - 3. Let m be u(4). Let b = -9 + m. Suppose 3*o - 36 = -b*o. What are the prime factors of o?
2, 3
What are the prime factors of ((-54)/1 + 0)*21/(-7)?
2, 3
Let y = 149 + -93. Let i = -33 + y. What are the prime factors of i?
23
What are the prime factors of 1 - (-1 + -13 + -3)?
2, 3
Let f(a) = 73*a + 25. What are the prime factors of f(2)?
3, 19
Let i(o) = 9 - o - 5 + 1 + 9*o**2 - o**3 + 4*o. List the prime factors of i(9).
2
Suppose 709 = 7*x + 58. What are the prime factors of x?
3, 31
Let q be 54*2 + (1 - 1). Suppose -3*a + q = 4*o, -108 = -4*o - a - a. Let b = o - 19. What are the prime factors of b?
2
Let k(x) = -7*x. Let p be k(-2). Suppose 5*a = 3*a + p. What are the prime factors of a?
7
Suppose 3*a + 90 = n - 2*a, 93 = n - 2*a. List the prime factors of n.
5, 19
Suppose 2*d - 3 = 1. Suppose 15 = d*h - 3*c - 2*c, 4*c - 14 = -h. List the prime factors of ((-3)/5)/((-2)/h).
3
Let d(a) = -a**3 + a**2 + 10*a - 8. List the prime factors of d(-6).
2, 23
Suppose -4*w - 12 = -7*w. Suppose -4*m = -b - w + 2, -5*b + 5 = -5*m. Suppose 4*h - i = 71, 70 = 4*h - 0*h - b*i. What are the prime factors of h?
2, 3
List the prime factors of (-10089)/(-133) - 1*(-2)/14.
2, 19
Suppose -9*f = -5*f - 16. Let v = 2 - 0. Suppose f = v*h - 3*h, 0 = q - 3*h - 27. What are the prime factors of q?
3, 5
Let h be (4/6)/((-2)/(-51)). Let n = h + -9. What are the prime factors of n?
2
Let h(p) = -p**3 - 9*p**2 - 8*p + 2. Let t be h(-8). List the prime factors of (0/t)/(-2) + 9.
3
Let c be 2 + -1 + -3 + -8. Let w = 15 + c. Suppose 41 = w*f + 4*v, -2*v = f - 3*v - 1. List the prime factors of f.
5
What are the prime factors of 824/14 - (-2)/14?
59
Let r(z) = z**2 + 8*z + 2. Let u be r(-8). Let k(h) be the first derivative of h**3/3 - h**2 + 3*h - 1. List the prime factors of k(u).
3
Let x = -386 - -656. What are the prime factors of x?
2, 3, 5
Let q(v) = v**2 + v - 1. Let f(n) = 36*n**3 - 5*n**2 - 7*n + 6. Let w(p) = f(p) + 6*q(p). Let k be w(1). Suppose -2*i = i - k. What are the prime factors of i?
2, 3
Let i be (2/(-3))/((-5)/(-45)). Let w be 6/9 + (-146)/i. Suppose 4*r = -r + w. List the prime factors of r.
5
List the prime factors of -9*(-2 - 1/(-1)).
3
Let x(f) be the second derivative of f**6/120 - f**5/40 + f**4/12 + f**3/6 + f. Let d(n) be the second derivative of x(n). What are the prime factors of d(2)?
2
Let s(k) = k**2 + 5*k - 8. Let b(z) = -z**2 + 7*z - 3. Let u be b(6). Suppose m = -5*d - 34, 3*d = -2*d + u*m - 38. List the prime factors of s(d).
2, 3
Suppose 0 = -3*w + 2*w. Suppose 3*c + u - 21 - 13 = w, -5*c + 4*u + 68 = 0. Suppose 4*r - 4*a - c = 0, -2*r = -0*r - 5*a + 3. What are the prime factors of r?
2, 3
Let s(c) = -c - 5. Let d be s(-9). Suppose 0 = -d*b + 4 + 80. What are the prime factors of b?
3, 7
Let c(y) = y - 9. Let i be c(12). List the prime factors of (-3)/i - (-6 - -3).
2
Let y be 2*4/16*-2. List the prime factors of -3*y/3*5.
5
Let x(y) = y + 1. Let l be x(-6). List the prime factors of (9/l)/(7/(-35)).
3
Let c(j) = -3*j**2 + 5*j + 12. Let i(x) = 2*x**2 - 3*x - 6. Let y(m) = 3*c(m) + 5*i(m). List the prime factors of y(0).
2, 3
Let y(w) = -22*w - 1. Let c be y(3). Let m = 99 + c. Suppose 4*k - m = -2*r, -k = -3*r + k + 40. List the prime factors of r.
2, 7
Let t(c) = c + 33. What are the prime factors of t(-13)?
2, 5
Suppose -12 = -3*s + s. Let w be (-3)/9 - (-49)/21. Suppose -w*t + 14 + s = 0. What are the prime factors of t?
2, 5
Let j be 114/15*(-2 + 7). Suppose 3*q + 3*r - 138 = 0, 2*q - 4*r - j = 30. Suppose 0 = -s, 0*x - q = -3*x + 3*s. What are the prime factors of x?
2, 7
Let t(p) be the third derivative of p**5/60 + 3*p**4/8 + p**3/3 + p**2. Let r be t(-9). Let s = 7 - r. What are the prime factors of s?
5
Suppose -3*n = -p + 84, 5*p + 4*n - 455 = -16. List the prime factors of p.
3, 29
Let v(h) = 7*h. Let w(l) = -2*l. Let s(m) = 2*v(m) + 6*w(m). Let i be s(3). Let o = i - 1. What are the prime factors of o?
5
Let b be (-2 - (-2)/(-2)) + 3. Suppose -4*j + 5 + 3 = b. List the prime factors of j.
2
Let b(d) = -d**3 - 8*d**2 + d + 5. Let t be b(-8). Let f be (t/(-3))/(-2)*6. Let s = 6 - f. What are the prime factors of s?
3
Suppose 3*k + 0*k = d + 8, 0 = 4*k + d - 6. Suppose 0 = -k*z + s - 39, 0 = 2*z + 2*z + 4*s + 60. What are the prime factors of (-4)/z - 97/(-9)?
11
Let f = 1 - -26. Suppose x + 3*o = 5*x - f, -5*o = 4*x + 13. Let p(r) = -r**3 + 3*r**2 + 4*r + 1. List the prime factors of p(x).
13
Let t = -44 - -25. Let a = -7 - t. What are the prime factors of a?
2, 3
Suppose -3*u = -6*u + 4*m - 1, -30 = -2*u - 5*m. Suppose -z = 4*z. Suppose -i = -z*i - u. What are the prime factors of i?
5
Let d = 106 + -55. List the prime factors of d.
3, 17
Let q be 1 - (-4 + 2)/2. Suppose q*x - 30 = -3*x. List the prime factors of x.
2, 3
What are the prime factors of (24/60)/(2/120)?
2, 3
Let u be ((-4)/10)/(9/(-90)). Suppose -63 = -3*d - 3*f, -3*d + u*d - 27 = 5*f. What are the prime factors of d?
2, 11
Suppose 5*y = 2*y + 66. Suppose 23*n - y*n - 9 = 0. List the prime factors of n.
3
Suppose -7 = -5*p - 0*k - k, 4*p - 2 = -2*k. Suppose p*s - 5 = s. Suppose -5*m + 30 + s = 0. What are the prime factors of m?
7
List the prime factors of ((-106)/4)/(3/(-6)).
53
Suppose w + 101 = 3*v, 3*w + 4 + 2 = 0. What are the prime factors of v?
3, 11
List the prime factors of 147/28 - ((-10)/(-8) + -1).
5
Let n = -1 - -8. List the prime factors of n.
7
Suppose -2*z + 7*z = -30. What are the prime factors of ((-22)/z)/((-1)/(-3))?
11
Suppose -w = -4*w - 6. Let k = w - -10. List the prime factors of k.
2
Suppose 14*i - 2002 = -0*i. What are the prime factors of i?
11, 13
Suppose v = -v + 3*x + 41, 3*x - 73 = -4*v. Suppose -v = -3*f - 0*f + 5*z, -5*f - 4*z + 81 = 0. List the prime factors of f.
13
List the prime factors of 3 - (-2 + 1 + -30).
2, 17
Suppose 0 = p + 3*p - 12. Suppose 0 = -p*u - u + 48. What are the prime factors of u?
2, 3
Suppose 4*n - 6 = 2*n - 2*u, 4*n - 9 = -u. Suppose -2*r + k = -2*k - 13, 0 = n*k - 2. What are the prime factors of r?
2
What are the prime factors of (-190)/(-8) + 7/28?
2, 3
Suppose -7*x = 1321 - 3456. What are the prime factors of x?
5, 61
Let z = 105 + -20. What are the prime factors of z?
5, 17
Suppose 0 = 5*j + 5*w - 60, 40 = 5*j + 2*w - w. Suppose 4*b - 5*h = 56, j*h - 4*h - 24 = -4*b. Suppose b*i = 4*i + 45. List the prime factors of i.
3
Let n(h) be the first derivative of h**4/4 + 4*h**3/3 + 2*h**2 + 3*h - 3. Let j be 6/(-4) + (-1)/2. What are the prime factors of n(j)?
3
Let d = -32 + 56. List the prime factors of d.
2, 3
Let x = 358 + -193. List the prime factors of x.
3, 5, 11
Let s(c) = c**2 + c + 29. List the prime factors of s(0).
29
Suppose 2*o = 6*o. Suppose -2*s - 2*w + 3*w + 2 = o, 0 = -w - 4. Let c = s + 3. List the prime factors of c.
2
Suppose 2*o = 5 + 3. Suppose o*w + 3*b - 19 = 0, -2*w - 4*b + 8 = -2*b. List the prime factors of w.
7
Suppose -2*z + 28 = -24. Suppose 4*l - 6 = z. Let n = l + 3. What are the prime factors of n?
11
Let j(l) = l**3 + 5*l**2 + l - 6. What are the prime factors of j(-4)?
2, 3
Let m = 24 + -4. What are the prime factors of m?
2, 5
Let k(y) = y + 1. Let g(c) = c**2 - c - 3. Let a(j) = 3*g(j) + 6*k(j). What are the prime factors of a(2)?
3, 5
Let n(t) = -t**3 - 3*t**2 + 5*t + 4. Let z be n(-4). Suppose -3*a + 45 = 2*a + 5*w, z = 4*w + 8. List the prime factors of a.
11
Let v be (-53)/2 + (-2)/4. Let m = 52 + v. What are the prime factors of m?
5
Let r = 29 + -10. Suppose 4*d - r = 49. List the prime factors of d.
17
Let n(d) = -4*d**3 + 2*d**2 + d. Let o be n(-1). Let r = 9 - o. What are the prime factors of r?
2
Let h(s) = s + 7. Suppose -3*j + 49 = 19. List the prime factors of h(j).
17
Let x(j) = -j. Let i be x(0). Let d be 3 + -1 + i + -2. Suppose d = 3*o - 5*o + 20. What are the prime factors of o?
2, 5
Let p(u) = 3*u**3 - 3*u + 2. Let w be p(2). Let q = -4 - 0. List the pri